, what is 23 + -1586?
-1563
In base 5, what is -1332342 + 232?
-1332110
In base 11, what is -14a + -aa7?
-1146
In base 13, what is 8a6c - -2?
8a71
In base 8, what is 530 - 372?
136
In base 6, what is -544 + 1?
-543
In base 8, what is -14635 - 115?
-14752
In base 14, what is -43 - 1135?
-1178
In base 16, what is 19004 - 2?
19002
In base 12, what is 385a + -103?
3757
In base 4, what is 310322132 + -32?
310322100
In base 9, what is 255717 + 2?
255720
In base 2, what is 10101001011111110 - -10?
10101001100000000
In base 14, what is -5 - -14273?
1426c
In base 15, what is -5 + -9135?
-913a
In base 4, what is 331020 - -23120?
1020200
In base 10, what is -14082 + -7?
-14089
In base 5, what is -4012 - -2000?
-2012
In base 7, what is 4 - 100131?
-100124
In base 2, what is 1 + 10111111000101010?
10111111000101011
In base 16, what is -5e5 - 2a?
-60f
In base 16, what is -4 + -e923?
-e927
In base 12, what is -46109 + 0?
-46109
In base 10, what is 24472 - 2?
24470
In base 15, what is d7 + 10?
e7
In base 13, what is -2 + 17116?
17114
In base 3, what is 110001 - 101110012?
-101000011
In base 7, what is 10 + -22624?
-22614
In base 7, what is 4352 + -25?
4324
In base 5, what is 13043401 + -24?
13043322
In base 7, what is 1 + 124412?
124413
In base 14, what is 1a8 + -2?
1a6
In base 10, what is -23 - -1143?
1120
In base 13, what is -7b2 - ba0?
-1682
In base 14, what is -6c1 + 2257?
1976
In base 9, what is 127 + -7750?
-7622
In base 4, what is 3221 - -10030?
13311
In base 16, what is 4f8 - 9?
4ef
In base 3, what is -2211101 - -111?
-2210220
In base 12, what is -14 - 8504?
-8518
In base 7, what is 4 - -22360?
22364
In base 7, what is -520250 + -54?
-520334
In base 6, what is 0 + 152512?
152512
In base 16, what is -7 - -13faa?
13fa3
In base 8, what is -17263 + 70?
-17173
In base 2, what is 100 - 100111111?
-100111011
In base 8, what is -44 + -1043?
-1107
In base 2, what is -10 - -11010111100110?
11010111100100
In base 14, what is -14 - -14b6?
14a2
In base 7, what is -420 - 33036?
-33456
In base 13, what is -4968ab + 0?
-4968ab
In base 2, what is -1111001001001001101 + -10?
-1111001001001001111
In base 10, what is -289051 + -4?
-289055
In base 9, what is -80115 - -3?
-80112
In base 6, what is 1142 - -44?
1230
In base 7, what is -1310 + -42?
-1352
In base 11, what is 2452 + 188?
262a
In base 4, what is 3 - -110003032?
110003101
In base 4, what is -30 - 211001?
-211031
In base 3, what is -21 + -101221010202?
-101221011000
In base 3, what is 10200121 + 12210?
10220101
In base 13, what is 36 + -153c?
-1506
In base 11, what is 1972 - 1577?
3a6
In base 8, what is -243 + 35553?
35310
In base 7, what is 3342025 + -2?
3342023
In base 5, what is -441 + -13343?
-14334
In base 4, what is 302120 + 21010?
323130
In base 3, what is -20001 + 211122?
121121
In base 3, what is 102101 + 10000020?
10102121
In base 3, what is 10000111120 + 110?
10000112000
In base 12, what is 532 + 4263?
4795
In base 15, what is -1b8bd + -3e?
-1b90c
In base 16, what is 79a54 + 2?
79a56
In base 10, what is 14 - -181575?
181589
In base 7, what is -10 - -25316?
25306
In base 6, what is -555451 + 4?
-555443
In base 6, what is -5 - -32111240?
32111231
In base 10, what is -272 - -85?
-187
In base 6, what is -11131 + -152?
-11323
In base 2, what is 11010101 + 1110000001110?
1110011100011
In base 16, what is -3bf + 8f?
-330
In base 9, what is -72 + 1585?
1513
In base 12, what is 5 + -9861?
-9858
In base 9, what is 0 + 1505?
1505
In base 9, what is 32742 - 2?
32740
In base 3, what is 21022211 - 211020?
20111121
In base 16, what is 5 + ea94?
ea99
In base 3, what is -22212000 + -10002?
-22222002
In base 3, what is -1001 - -2121000?
2112222
In base 6, what is 23022 + -103?
22515
In base 6, what is -135 + 102001?
101422
In base 12, what is 2 + 12697?
12699
In base 11, what is -3047 + 63?
-2a94
In base 16, what is -6 - 5ae47?
-5ae4d
In base 7, what is 510 + 1214?
2024
In base 12, what is 4 - 344?
-340
In base 8, what is 41706 - -2?
41710
In base 15, what is -3 + 249?
246
In base 5, what is 4 - 4030434?
-4030430
In base 4, what is 130303 + 1311?
132220
In base 5, what is 3 - 24420302?
-24420244
In base 7, what is -62331506 - 5?
-62331514
In base 5, what is -1234 - -140?
-1044
In base 7, what is 13 + -1626?
-1613
In base 3, what is 2121200 - 222020?
1122110
In base 9, what is 675454 - 0?
675454
In base 9, what is -3 - 680248?
-680252
In base 10, what is -2667 - 10?
-2677
In base 11, what is 5 + -20693?
-20689
In base 13, what is -73535 + 3?
-73532
In base 4, what is 0 + -1320303?
-1320303
In base 10, what is 9278 - -124?
9402
In base 11, what is 28a9 + 0?
28a9
In base 6, what is 0 - 1330522?
-1330522
In base 12, what is -5 - 10901b?
-109024
In base 12, what is -94aa0 - 5?
-94aa5
In base 13, what is -1b0 - 137?
-317
In base 13, what is 88052 + -1?
88051
In base 12, what is 1 - -32502?
32503
In base 4, what is -1 - -31202?
31201
In base 14, what is 8c + 52?
100
In base 10, what is -79 + 1209?
1130
In base 13, what is 3 + -59b1?
-59ab
In base 10, what is 2034 + -64?
1970
In base 9, what is 4 + -1833477?
-1833473
In base 2, what is -10101001110111101 + -10?
-10101001110111111
In base 12, what is 28 - 8a4?
-878
In base 2, what is -100010010001 - -111110011?
-11010011110
In base 2, what is 111101101 + 1001010?
1000110111
In base 13, what is -11 + 243?
232
In base 3, what is 10 - 1012221001?
-1012220221
In base 11, what is 59 + -977?
-919
In base 11, what is 5 + -5a584?
-5a57a
In base 7, what is 3615 - -2?
3620
In base 5, what is -142 + 10303?
10111
In base 14, what is 3 + b90?
b93
In base 7, what is -13 - -503?
460
In base 12, what is -3 - 1574?
-1577
In base 12, what is 4 + 126b61?
126b65
In base 15, what is 2 + 5ae7?
5ae9
In base 4, what is 13210001 + -2?
13203333
In base 5, what is -322402 - 441?
-323343
In base 5, what is 10 - -140121?
140131
In base 5, what is 11231222134 - -3?
11231222142
In base 4, what is -100 + -2123311?
-2130011
In base 11, what is -4362a - -2?
-43628
In base 16, what is 5c + -4b3?
-457
In base 9, what is -614 + -64?
-678
In base 13, what is -ca + -41c?
-519
In base 12, what is 2 - 8623?
-8621
In base 14, what is -25726 + 1?
-25725
In base 6, what is 2 + 230015?
230021
In base 13, what is -1b7 - -58?
-15c
In base 9, what is 1 - -264011?
264012
In base 11, what is -1539 - -4?
-1535
In base 2, what is 1101111000 + 11110011010?
101100010010
In base 5, what is 444332 + 103?
444440
In base 13, what is 8 - -3283?
328b
In base 6, what is -240 - -140?
-100
In base 16, what is -1 + -3acc?
-3acd
In base 9, what is 10406 + 202?
10608
In base 14, what is -c66 - 55?
-cbb
In base 11, what is 120aa + -2?
120a8
In base 16, what is -6762 - -4?
-675e
In base 10, what is -2 - -7034?
7032
In base 9, what is -11512 + -364?
-11876
In base 9, what is -28032565 + 3?
-28032562
In base 8, what is 4467 + 447?
5136
In base 5, what is 4 + 403423244?
403423303
In base 10, what is 70434 - -16?
70450
In base 16, what is -85 - -1d0c?
1c87
In base 7, what is -46650035 - -5?
-46650030
In base 10, what is 30777 - 8?
30769
In base 15, what is 209b - 2?
2099
In base 6, what is 4 + 43022?
43030
In base 9, what is 4 + 154731?
154735
In base 14, what is 2024 + -26?
1ddc
In base 12, what is -1 + -7b31?
-7b32
In base 3, what is -1122 + 10120001?
10111102
In base 8, what is -537 + 23?
-514
In base 11, what is -11 + -93949?
-9395a
In base 16, what is 7067 - 1?
7066
In base 5, what is -130044131 - 3?
-130044134
In base 3, what is 12010222122 - 22?
12010222100
In base 8, what is 13 + 202617?
202632
In base 4, what is 3000320122 + 10?
3000320132
In base 9, what is 45 + -1477?
-1432
In base 13, what is 33b - -1c5?
533
In base 2, what is 1 - 11010101011110011?
-11010101011110010
In base 12, what is 39 + -2a2?
-265
In base 11, what is -1256 + 3?
-1253
In base 12, what is 11 + 23662?
23673
In base 6, what is 20440 + 10105?
30545
In base 14, what is 309d - -63?
3122
In base 16, what is -a + -5b3df?
-5b3e9
In base 15, what is 2c - 68b?
-65e
In base 11, what is -174 + -230?
-3a4
In base 13, what is b00 + -b4?
a19
In base 12, what is 210 - 103?
109
In base 3, what is 100000001 - -11?
100000012
In base 12, what is -710 + 1800?
10b0
In base 9, what is -374 - -3400?
3015
In base 13, what is -6b71 - 21?
-6b92
In base 3, what is -122010 - 1021001?
-122001